{"id":675,"date":"2024-05-02T22:07:43","date_gmt":"2024-05-02T22:07:43","guid":{"rendered":"https:\/\/reparevitre.slmedias.dev\/?page_id=675"},"modified":"2024-05-02T22:18:29","modified_gmt":"2024-05-02T22:18:29","slug":"ultra-bond","status":"publish","type":"page","link":"https:\/\/reparevitre.slmedias.dev\/?page_id=675","title":{"rendered":"ULTRA BOND"},"content":{"rendered":"\t\t<div data-elementor-type=\"wp-page\" data-elementor-id=\"675\" class=\"elementor elementor-675\">\n\t\t\t\t\t\t<section class=\"elementor-section elementor-top-section elementor-element elementor-element-753da1c elementor-section-full_width elementor-section-height-default elementor-section-height-default wpr-particle-no wpr-jarallax-no wpr-parallax-no wpr-sticky-section-no\" data-id=\"753da1c\" data-element_type=\"section\">\n\t\t\t\t\t\t<div class=\"elementor-container elementor-column-gap-no\">\n\t\t\t\t\t<div class=\"elementor-column elementor-col-100 elementor-top-column elementor-element elementor-element-cb7b374\" data-id=\"cb7b374\" data-element_type=\"column\">\n\t\t\t<div class=\"elementor-widget-wrap\">\n\t\t\t\t\t\t\t<\/div>\n\t\t<\/div>\n\t\t\t\t\t<\/div>\n\t\t<\/section>\n\t\t\t\t<section class=\"elementor-section elementor-top-section elementor-element elementor-element-402a0a2 elementor-section-boxed elementor-section-height-default elementor-section-height-default wpr-particle-no wpr-jarallax-no wpr-parallax-no wpr-sticky-section-no\" data-id=\"402a0a2\" data-element_type=\"section\" data-settings=\"{&quot;background_background&quot;:&quot;classic&quot;}\">\n\t\t\t\t\t\t<div class=\"elementor-container elementor-column-gap-default\">\n\t\t\t\t\t<div class=\"elementor-column elementor-col-33 elementor-top-column elementor-element elementor-element-2fac5e4\" data-id=\"2fac5e4\" data-element_type=\"column\">\n\t\t\t<div class=\"elementor-widget-wrap elementor-element-populated\">\n\t\t\t\t\t\t<section class=\"elementor-section elementor-inner-section elementor-element elementor-element-26beac9 elementor-section-boxed elementor-section-height-default elementor-section-height-default wpr-particle-no wpr-jarallax-no wpr-parallax-no wpr-sticky-section-no\" data-id=\"26beac9\" data-element_type=\"section\">\n\t\t\t\t\t\t<div class=\"elementor-container elementor-column-gap-default\">\n\t\t\t\t\t<div class=\"elementor-column elementor-col-50 elementor-inner-column elementor-element elementor-element-695402c\" data-id=\"695402c\" data-element_type=\"column\">\n\t\t\t<div class=\"elementor-widget-wrap elementor-element-populated\">\n\t\t\t\t\t\t<div class=\"elementor-element elementor-element-d6e11d3 elementor-widget-divider--view-line elementor-widget elementor-widget-divider\" data-id=\"d6e11d3\" data-element_type=\"widget\" data-widget_type=\"divider.default\">\n\t\t\t\t<div class=\"elementor-widget-container\">\n\t\t\t\t\t\t\t<div class=\"elementor-divider\">\n\t\t\t<span class=\"elementor-divider-separator\">\n\t\t\t\t\t\t<\/span>\n\t\t<\/div>\n\t\t\t\t\t\t<\/div>\n\t\t\t\t<\/div>\n\t\t\t\t\t<\/div>\n\t\t<\/div>\n\t\t\t\t<div class=\"elementor-column elementor-col-50 elementor-inner-column elementor-element elementor-element-df6a84c\" data-id=\"df6a84c\" data-element_type=\"column\">\n\t\t\t<div class=\"elementor-widget-wrap elementor-element-populated\">\n\t\t\t\t\t\t<div class=\"elementor-element elementor-element-db3ddda elementor-widget elementor-widget-heading\" data-id=\"db3ddda\" data-element_type=\"widget\" data-widget_type=\"heading.default\">\n\t\t\t\t<div class=\"elementor-widget-container\">\n\t\t\t\t\t<h2 class=\"elementor-heading-title elementor-size-default\">Reparevitre<\/h2>\t\t\t\t<\/div>\n\t\t\t\t<\/div>\n\t\t\t\t\t<\/div>\n\t\t<\/div>\n\t\t\t\t\t<\/div>\n\t\t<\/section>\n\t\t\t\t<div class=\"elementor-element elementor-element-6897bad elementor-widget elementor-widget-heading\" data-id=\"6897bad\" data-element_type=\"widget\" data-widget_type=\"heading.default\">\n\t\t\t\t<div class=\"elementor-widget-container\">\n\t\t\t\t\t<h2 class=\"elementor-heading-title elementor-size-default\">FMVSS 212 S\u00e9curit\u00e9 de r\u00e9tention<\/h2>\t\t\t\t<\/div>\n\t\t\t\t<\/div>\n\t\t\t\t\t<\/div>\n\t\t<\/div>\n\t\t\t\t<div class=\"elementor-column elementor-col-33 elementor-top-column elementor-element elementor-element-bf57441\" data-id=\"bf57441\" data-element_type=\"column\" data-settings=\"{&quot;background_background&quot;:&quot;classic&quot;}\">\n\t\t\t<div class=\"elementor-widget-wrap elementor-element-populated\">\n\t\t\t\t\t\t<div class=\"elementor-element elementor-element-80f844a elementor-widget elementor-widget-text-editor\" data-id=\"80f844a\" data-element_type=\"widget\" data-widget_type=\"text-editor.default\">\n\t\t\t\t<div class=\"elementor-widget-container\">\n\t\t\t\t\t\t\t\t\t<p>Le FMVSS 212 mesure la r\u00e9tention du pare-brise en cas de collision avec une barri\u00e8re.\u00a0Chaque marque et mod\u00e8le de v\u00e9hicule est acc\u00e9l\u00e9r\u00e9 \u00e0 30 mph et s\u2019\u00e9crase de plein fouet contre une barri\u00e8re en b\u00e9ton.\u00a0L\u2019automobile doit conserver 75 pour cent du pare-brise le long du p\u00e9rim\u00e8tre de la soudure par pincement.\u00a0Certains constructeurs automobiles exigent une r\u00e9tention \u00e0 100 % lors de ce crash test s\u00e9v\u00e8re.<\/p>\t\t\t\t\t\t\t\t<\/div>\n\t\t\t\t<\/div>\n\t\t\t\t\t<\/div>\n\t\t<\/div>\n\t\t\t\t<div class=\"elementor-column elementor-col-33 elementor-top-column elementor-element elementor-element-057ec5d elementor-hidden-tablet elementor-hidden-mobile\" data-id=\"057ec5d\" data-element_type=\"column\">\n\t\t\t<div class=\"elementor-widget-wrap\">\n\t\t\t\t\t\t\t<\/div>\n\t\t<\/div>\n\t\t\t\t\t<\/div>\n\t\t<\/section>\n\t\t\t\t<section class=\"elementor-section elementor-top-section elementor-element elementor-element-4707333 elementor-section-boxed elementor-section-height-default elementor-section-height-default wpr-particle-no wpr-jarallax-no wpr-parallax-no wpr-sticky-section-no\" data-id=\"4707333\" data-element_type=\"section\">\n\t\t\t\t\t\t<div class=\"elementor-container elementor-column-gap-wide\">\n\t\t\t\t\t<div class=\"elementor-column elementor-col-50 elementor-top-column elementor-element elementor-element-9063ca1\" data-id=\"9063ca1\" data-element_type=\"column\">\n\t\t\t<div class=\"elementor-widget-wrap elementor-element-populated\">\n\t\t\t\t\t\t<div class=\"elementor-element elementor-element-cbbdaa3 elementor-widget elementor-widget-image\" data-id=\"cbbdaa3\" data-element_type=\"widget\" data-widget_type=\"image.default\">\n\t\t\t\t<div class=\"elementor-widget-container\">\n\t\t\t\t\t\t\t\t\t\t\t\t\t\t\t<img fetchpriority=\"high\" decoding=\"async\" width=\"960\" height=\"540\" src=\"https:\/\/reparevitre.slmedias.dev\/wp-content\/uploads\/2022\/05\/pic-1-1024x576.jpg\" class=\"attachment-large size-large wp-image-38\" alt=\"\" srcset=\"https:\/\/reparevitre.slmedias.dev\/wp-content\/uploads\/2022\/05\/pic-1-1024x576.jpg 1024w, https:\/\/reparevitre.slmedias.dev\/wp-content\/uploads\/2022\/05\/pic-1-300x169.jpg 300w, https:\/\/reparevitre.slmedias.dev\/wp-content\/uploads\/2022\/05\/pic-1-768x432.jpg 768w, https:\/\/reparevitre.slmedias.dev\/wp-content\/uploads\/2022\/05\/pic-1-1536x864.jpg 1536w, https:\/\/reparevitre.slmedias.dev\/wp-content\/uploads\/2022\/05\/pic-1.jpg 1800w\" sizes=\"(max-width: 960px) 100vw, 960px\" \/>\t\t\t\t\t\t\t\t\t\t\t\t\t\t\t<\/div>\n\t\t\t\t<\/div>\n\t\t\t\t\t<\/div>\n\t\t<\/div>\n\t\t\t\t<div class=\"elementor-column elementor-col-50 elementor-top-column elementor-element elementor-element-1005a09\" data-id=\"1005a09\" data-element_type=\"column\">\n\t\t\t<div class=\"elementor-widget-wrap elementor-element-populated\">\n\t\t\t\t\t\t<section class=\"elementor-section elementor-inner-section elementor-element elementor-element-5a7f5b0 elementor-section-boxed elementor-section-height-default elementor-section-height-default wpr-particle-no wpr-jarallax-no wpr-parallax-no wpr-sticky-section-no\" data-id=\"5a7f5b0\" data-element_type=\"section\">\n\t\t\t\t\t\t<div class=\"elementor-container elementor-column-gap-default\">\n\t\t\t\t\t<div class=\"elementor-column elementor-col-50 elementor-inner-column elementor-element elementor-element-d1fb4b3\" data-id=\"d1fb4b3\" data-element_type=\"column\">\n\t\t\t<div class=\"elementor-widget-wrap elementor-element-populated\">\n\t\t\t\t\t\t<div class=\"elementor-element elementor-element-7c0d65e elementor-widget-divider--view-line elementor-widget elementor-widget-divider\" data-id=\"7c0d65e\" data-element_type=\"widget\" data-widget_type=\"divider.default\">\n\t\t\t\t<div class=\"elementor-widget-container\">\n\t\t\t\t\t\t\t<div class=\"elementor-divider\">\n\t\t\t<span class=\"elementor-divider-separator\">\n\t\t\t\t\t\t<\/span>\n\t\t<\/div>\n\t\t\t\t\t\t<\/div>\n\t\t\t\t<\/div>\n\t\t\t\t\t<\/div>\n\t\t<\/div>\n\t\t\t\t<div class=\"elementor-column elementor-col-50 elementor-inner-column elementor-element elementor-element-ba517e2\" data-id=\"ba517e2\" data-element_type=\"column\">\n\t\t\t<div class=\"elementor-widget-wrap elementor-element-populated\">\n\t\t\t\t\t\t\t<\/div>\n\t\t<\/div>\n\t\t\t\t\t<\/div>\n\t\t<\/section>\n\t\t\t\t<div class=\"elementor-element elementor-element-9e06f0c elementor-widget elementor-widget-heading\" data-id=\"9e06f0c\" data-element_type=\"widget\" data-widget_type=\"heading.default\">\n\t\t\t\t<div class=\"elementor-widget-container\">\n\t\t\t\t\t<h2 class=\"elementor-heading-title elementor-size-default\">FMVSS 216 S\u00e9curit\u00e9 contre l\u2019\u00e9crasement du toit<\/h2>\t\t\t\t<\/div>\n\t\t\t\t<\/div>\n\t\t\t\t<div class=\"elementor-element elementor-element-e339427 elementor-widget elementor-widget-text-editor\" data-id=\"e339427\" data-element_type=\"widget\" data-widget_type=\"text-editor.default\">\n\t\t\t\t<div class=\"elementor-widget-container\">\n\t\t\t\t\t\t\t\t\t<p>FMVSS 216 est le test de performance \u00e0 l\u2019\u00e9crasement du toit.\u00a0Il mesure la r\u00e9sistance structurelle n\u00e9cessaire pour prot\u00e9ger les occupants en cas de retournement du v\u00e9hicule.\u00a0Une fois et demie le poids du v\u00e9hicule d\u00e9charg\u00e9 ou 6 000 livres.\u00a0(la valeur la plus faible \u00e9tant retenue) une force est appliqu\u00e9e selon un angle au toit.\u00a0La structure du toit ne peut pas s\u2019enfoncer de plus de cinq pouces pour passer.\u00a0Remarque\u00a0: le pare-brise fournit 30 \u00e0 70\u00a0% de la r\u00e9sistance du toit.<\/p>\t\t\t\t\t\t\t\t<\/div>\n\t\t\t\t<\/div>\n\t\t\t\t\t<\/div>\n\t\t<\/div>\n\t\t\t\t\t<\/div>\n\t\t<\/section>\n\t\t\t\t<section class=\"elementor-section elementor-top-section elementor-element elementor-element-67e3077 elementor-section-boxed elementor-section-height-default elementor-section-height-default wpr-particle-no wpr-jarallax-no wpr-parallax-no wpr-sticky-section-no\" data-id=\"67e3077\" data-element_type=\"section\" data-settings=\"{&quot;background_background&quot;:&quot;classic&quot;}\">\n\t\t\t\t\t\t<div class=\"elementor-container elementor-column-gap-default\">\n\t\t\t\t\t<div class=\"elementor-column elementor-col-33 elementor-top-column elementor-element elementor-element-22719bf\" data-id=\"22719bf\" data-element_type=\"column\">\n\t\t\t<div class=\"elementor-widget-wrap elementor-element-populated\">\n\t\t\t\t\t\t<section class=\"elementor-section elementor-inner-section elementor-element elementor-element-3c1238f elementor-section-boxed elementor-section-height-default elementor-section-height-default wpr-particle-no wpr-jarallax-no wpr-parallax-no wpr-sticky-section-no\" data-id=\"3c1238f\" data-element_type=\"section\">\n\t\t\t\t\t\t<div class=\"elementor-container elementor-column-gap-default\">\n\t\t\t\t\t<div class=\"elementor-column elementor-col-50 elementor-inner-column elementor-element elementor-element-6020f2f\" data-id=\"6020f2f\" data-element_type=\"column\">\n\t\t\t<div class=\"elementor-widget-wrap elementor-element-populated\">\n\t\t\t\t\t\t<div class=\"elementor-element elementor-element-9220a19 elementor-widget-divider--view-line elementor-widget elementor-widget-divider\" data-id=\"9220a19\" data-element_type=\"widget\" data-widget_type=\"divider.default\">\n\t\t\t\t<div class=\"elementor-widget-container\">\n\t\t\t\t\t\t\t<div class=\"elementor-divider\">\n\t\t\t<span class=\"elementor-divider-separator\">\n\t\t\t\t\t\t<\/span>\n\t\t<\/div>\n\t\t\t\t\t\t<\/div>\n\t\t\t\t<\/div>\n\t\t\t\t\t<\/div>\n\t\t<\/div>\n\t\t\t\t<div class=\"elementor-column elementor-col-50 elementor-inner-column elementor-element elementor-element-e374742\" data-id=\"e374742\" data-element_type=\"column\">\n\t\t\t<div class=\"elementor-widget-wrap elementor-element-populated\">\n\t\t\t\t\t\t<div class=\"elementor-element elementor-element-d3b9734 elementor-widget elementor-widget-heading\" data-id=\"d3b9734\" data-element_type=\"widget\" data-widget_type=\"heading.default\">\n\t\t\t\t<div class=\"elementor-widget-container\">\n\t\t\t\t\t<h2 class=\"elementor-heading-title elementor-size-default\">Reparevitre<\/h2>\t\t\t\t<\/div>\n\t\t\t\t<\/div>\n\t\t\t\t\t<\/div>\n\t\t<\/div>\n\t\t\t\t\t<\/div>\n\t\t<\/section>\n\t\t\t\t<div class=\"elementor-element elementor-element-33c4fc0 elementor-widget elementor-widget-heading\" data-id=\"33c4fc0\" data-element_type=\"widget\" data-widget_type=\"heading.default\">\n\t\t\t\t<div class=\"elementor-widget-container\">\n\t\t\t\t\t<h2 class=\"elementor-heading-title elementor-size-default\">FMVSS 208 Retenues passives<\/h2>\t\t\t\t<\/div>\n\t\t\t\t<\/div>\n\t\t\t\t\t<\/div>\n\t\t<\/div>\n\t\t\t\t<div class=\"elementor-column elementor-col-33 elementor-top-column elementor-element elementor-element-0d4ec1d\" data-id=\"0d4ec1d\" data-element_type=\"column\" data-settings=\"{&quot;background_background&quot;:&quot;classic&quot;}\">\n\t\t\t<div class=\"elementor-widget-wrap elementor-element-populated\">\n\t\t\t\t\t\t<div class=\"elementor-element elementor-element-9416b8f elementor-widget elementor-widget-text-editor\" data-id=\"9416b8f\" data-element_type=\"widget\" data-widget_type=\"text-editor.default\">\n\t\t\t\t<div class=\"elementor-widget-container\">\n\t\t\t\t\t\t\t\t\t<p>La protection des occupants en cas de collision pr\u00e9cise les exigences en mati\u00e8re d\u2019\u00e9quipement pour les dispositifs de retenue actifs et passifs, y compris les coussins gonflables.\u00a0Il ne peut y avoir de s\u00e9paration des ensembles de s\u00e9curit\u00e9 porteurs lors d\u2019un accident de barri\u00e8re \u00e0 30 mph.\u00a0Cela concerne le pare-brise car l\u2019airbag c\u00f4t\u00e9 passager se d\u00e9ploie hors du pare-brise afin de remplir sa fonction de s\u00e9curit\u00e9.<\/p>\t\t\t\t\t\t\t\t<\/div>\n\t\t\t\t<\/div>\n\t\t\t\t\t<\/div>\n\t\t<\/div>\n\t\t\t\t<div class=\"elementor-column elementor-col-33 elementor-top-column elementor-element elementor-element-1d3df4d elementor-hidden-tablet elementor-hidden-mobile\" data-id=\"1d3df4d\" data-element_type=\"column\">\n\t\t\t<div class=\"elementor-widget-wrap\">\n\t\t\t\t\t\t\t<\/div>\n\t\t<\/div>\n\t\t\t\t\t<\/div>\n\t\t<\/section>\n\t\t\t\t<section class=\"elementor-section elementor-top-section elementor-element elementor-element-4e86091 elementor-section-boxed elementor-section-height-default elementor-section-height-default wpr-particle-no wpr-jarallax-no wpr-parallax-no wpr-sticky-section-no\" data-id=\"4e86091\" data-element_type=\"section\" data-settings=\"{&quot;background_background&quot;:&quot;classic&quot;}\">\n\t\t\t\t\t\t\t<div class=\"elementor-background-overlay\"><\/div>\n\t\t\t\t\t\t\t<div class=\"elementor-container elementor-column-gap-default\">\n\t\t\t\t\t<div class=\"elementor-column elementor-col-100 elementor-top-column elementor-element elementor-element-2c2b399\" data-id=\"2c2b399\" data-element_type=\"column\">\n\t\t\t<div class=\"elementor-widget-wrap elementor-element-populated\">\n\t\t\t\t\t\t<div class=\"elementor-element elementor-element-e6b804e elementor-widget elementor-widget-text-editor\" data-id=\"e6b804e\" data-element_type=\"widget\" data-widget_type=\"text-editor.default\">\n\t\t\t\t<div class=\"elementor-widget-container\">\n\t\t\t\t\t\t\t\t\t<p><strong>Ultra Bond<\/strong>\u00a0est \u00e0 ce jour le seul fabricant de r\u00e9paration de fissures de pare-brise \u00e0 avoir perfectionn\u00e9 la r\u00e9sine de r\u00e9paration de pare-brise et les kits de r\u00e9paration de fissures de pare-brise<a href=\"https:\/\/www-ultrabond-com.translate.goog\/all-windshield-crack-repair-kits?_x_tr_sl=auto&amp;_x_tr_tl=fr&amp;_x_tr_hl=en&amp;_x_tr_pto=wapp\">\u00a0<\/a>pour pr\u00e9server et prot\u00e9ger les caract\u00e9ristiques de s\u00e9curit\u00e9 du pare-brise.<br \/><br \/>Des tests en laboratoire ind\u00e9pendants pour r\u00e9pondre aux exigences de r\u00e9sine ROLAGS 2014 ont d\u00e9montr\u00e9 que la r\u00e9sistance m\u00e9canique du verre de pare-brise est au moins 52 % plus r\u00e9sistante que celle du verre de pare-brise neuf apr\u00e8s avoir \u00e9t\u00e9 fissur\u00e9e et r\u00e9par\u00e9e avec les\u00a0<strong>r\u00e9sines de r\u00e9paration de fissures de pare-brise \u00a0Ultra Bond<\/strong>\u00a0.\u00a0Cela signifie qu\u2019apr\u00e8s r\u00e9paration, le verre automobile peut avoir au moins 152 % de la r\u00e9sistance du verre automobile neuf non endommag\u00e9 lorsqu\u2019il est fissur\u00e9 et r\u00e9par\u00e9 avec les\u00a0<strong>r\u00e9sines de r\u00e9paration de pare-brise Ultra Bond Longue Fissure<\/strong>.\u00a0<\/p>\t\t\t\t\t\t\t\t<\/div>\n\t\t\t\t<\/div>\n\t\t\t\t<div class=\"elementor-element elementor-element-82c7538 elementor-widget-divider--view-line elementor-widget elementor-widget-divider\" data-id=\"82c7538\" data-element_type=\"widget\" data-widget_type=\"divider.default\">\n\t\t\t\t<div class=\"elementor-widget-container\">\n\t\t\t\t\t\t\t<div class=\"elementor-divider\">\n\t\t\t<span class=\"elementor-divider-separator\">\n\t\t\t\t\t\t<\/span>\n\t\t<\/div>\n\t\t\t\t\t\t<\/div>\n\t\t\t\t<\/div>\n\t\t\t\t\t<\/div>\n\t\t<\/div>\n\t\t\t\t\t<\/div>\n\t\t<\/section>\n\t\t\t\t<\/div>\n\t\t","protected":false},"excerpt":{"rendered":"<p>Reparevitre FMVSS 212 S\u00e9curit\u00e9 de r\u00e9tention Le FMVSS 212 mesure la r\u00e9tention du pare-brise en cas de collision avec une barri\u00e8re.\u00a0Chaque marque et mod\u00e8le de v\u00e9hicule est acc\u00e9l\u00e9r\u00e9 \u00e0 30 mph et s\u2019\u00e9crase de plein fouet contre une barri\u00e8re en b\u00e9ton.\u00a0L\u2019automobile doit conserver 75 pour cent du pare-brise le long du p\u00e9rim\u00e8tre de la soudure par pincement.\u00a0Certains constructeurs automobiles exigent une r\u00e9tention \u00e0 100 % lors de ce crash test s\u00e9v\u00e8re. FMVSS 216 S\u00e9curit\u00e9 contre l\u2019\u00e9crasement du toit FMVSS 216 est le test de performance \u00e0 l\u2019\u00e9crasement du toit.\u00a0Il mesure la r\u00e9sistance structurelle n\u00e9cessaire pour prot\u00e9ger les occupants en cas de retournement du v\u00e9hicule.\u00a0Une fois et demie le poids du v\u00e9hicule d\u00e9charg\u00e9 ou 6 000 livres.\u00a0(la valeur la plus faible \u00e9tant retenue) une force est appliqu\u00e9e selon un angle au toit.\u00a0La structure du toit ne peut pas s\u2019enfoncer de plus de cinq pouces pour passer.\u00a0Remarque\u00a0: le pare-brise fournit 30 \u00e0 70\u00a0% de la r\u00e9sistance du toit. Reparevitre FMVSS 208 Retenues passives La protection des occupants en cas de collision pr\u00e9cise les exigences en mati\u00e8re d\u2019\u00e9quipement pour les dispositifs de retenue actifs et passifs, y compris les coussins gonflables.\u00a0Il ne peut y avoir de s\u00e9paration des ensembles de s\u00e9curit\u00e9 porteurs lors d\u2019un accident de barri\u00e8re \u00e0 30 mph.\u00a0Cela concerne le pare-brise car l\u2019airbag c\u00f4t\u00e9 passager se d\u00e9ploie hors du pare-brise afin de remplir sa fonction de s\u00e9curit\u00e9. Ultra Bond\u00a0est \u00e0 ce jour le seul fabricant de r\u00e9paration de fissures de pare-brise \u00e0 avoir perfectionn\u00e9 la r\u00e9sine de r\u00e9paration de pare-brise et les kits de r\u00e9paration de fissures de pare-brise\u00a0pour pr\u00e9server et prot\u00e9ger les caract\u00e9ristiques de s\u00e9curit\u00e9 du pare-brise. Des tests en laboratoire ind\u00e9pendants pour r\u00e9pondre aux exigences de r\u00e9sine ROLAGS 2014 ont d\u00e9montr\u00e9 que la r\u00e9sistance m\u00e9canique du verre de pare-brise est au moins 52 % plus r\u00e9sistante que celle du verre de pare-brise neuf apr\u00e8s avoir \u00e9t\u00e9 fissur\u00e9e et r\u00e9par\u00e9e avec les\u00a0r\u00e9sines de r\u00e9paration de fissures de pare-brise \u00a0Ultra Bond\u00a0.\u00a0Cela signifie qu\u2019apr\u00e8s r\u00e9paration, le verre automobile peut avoir au moins 152 % de la r\u00e9sistance du verre automobile neuf non endommag\u00e9 lorsqu\u2019il est fissur\u00e9 et r\u00e9par\u00e9 avec les\u00a0r\u00e9sines de r\u00e9paration de pare-brise Ultra Bond Longue Fissure.\u00a0<\/p>\n","protected":false},"author":1,"featured_media":0,"parent":0,"menu_order":0,"comment_status":"closed","ping_status":"closed","template":"","meta":{"footnotes":""},"class_list":["post-675","page","type-page","status-publish","hentry"],"_links":{"self":[{"href":"https:\/\/reparevitre.slmedias.dev\/index.php?rest_route=\/wp\/v2\/pages\/675","targetHints":{"allow":["GET"]}}],"collection":[{"href":"https:\/\/reparevitre.slmedias.dev\/index.php?rest_route=\/wp\/v2\/pages"}],"about":[{"href":"https:\/\/reparevitre.slmedias.dev\/index.php?rest_route=\/wp\/v2\/types\/page"}],"author":[{"embeddable":true,"href":"https:\/\/reparevitre.slmedias.dev\/index.php?rest_route=\/wp\/v2\/users\/1"}],"replies":[{"embeddable":true,"href":"https:\/\/reparevitre.slmedias.dev\/index.php?rest_route=%2Fwp%2Fv2%2Fcomments&post=675"}],"version-history":[{"count":7,"href":"https:\/\/reparevitre.slmedias.dev\/index.php?rest_route=\/wp\/v2\/pages\/675\/revisions"}],"predecessor-version":[{"id":686,"href":"https:\/\/reparevitre.slmedias.dev\/index.php?rest_route=\/wp\/v2\/pages\/675\/revisions\/686"}],"wp:attachment":[{"href":"https:\/\/reparevitre.slmedias.dev\/index.php?rest_route=%2Fwp%2Fv2%2Fmedia&parent=675"}],"curies":[{"name":"wp","href":"https:\/\/api.w.org\/{rel}","templated":true}]}}